{"id":5400,"date":"2024-03-04T18:31:20","date_gmt":"2024-03-04T18:31:20","guid":{"rendered":"https:\/\/www.radca-morawiecmrozinska.pl\/?page_id=5400"},"modified":"2024-05-17T20:32:37","modified_gmt":"2024-05-17T20:32:37","slug":"informacje","status":"publish","type":"page","link":"https:\/\/www.radca-morawiecmrozinska.pl\/index.php\/informacje\/","title":{"rendered":"Info"},"content":{"rendered":"\t\t<div data-elementor-type=\"wp-page\" data-elementor-id=\"5400\" class=\"elementor elementor-5400\">\n\t\t\t\t<div class=\"elementor-element elementor-element-5148d5d e-flex e-con-boxed e-con e-parent\" data-id=\"5148d5d\" data-element_type=\"container\" data-settings=\"{&quot;background_background&quot;:&quot;classic&quot;}\">\n\t\t\t\t\t<div class=\"e-con-inner\">\n\t\t\t\t<div class=\"elementor-element elementor-element-0b7519f elementor-widget elementor-widget-iheading\" data-id=\"0b7519f\" data-element_type=\"widget\" data-widget_type=\"iheading.default\">\n\t\t\t\t<div class=\"elementor-widget-container\">\n\t\t\t\t\t\t\t<div class=\"ot-heading\">\r\n\t        <h2 class=\"main-heading\">Poznaj nasz\u0105 kancelari\u0119<\/h2>\t    <\/div>\r\n\t    \t\t\t\t<\/div>\n\t\t\t\t<\/div>\n\t\t\t\t<div class=\"elementor-element elementor-element-2959810 elementor-widget elementor-widget-text-editor\" data-id=\"2959810\" data-element_type=\"widget\" data-widget_type=\"text-editor.default\">\n\t\t\t\t<div class=\"elementor-widget-container\">\n\t\t\t\t\t\t\t\t\t<p>Kancelaria Radcy Prawnego Moniki Morawiec-Mrozi\u0144skiej zajmuje si\u0119 \u015bwiadczeniem us\u0142ug prawnych dla przedsi\u0119biorc\u00f3w <br \/>oraz dla klient\u00f3w indywidualnych.<\/p><p>Specjalizacja Kancelarii to obs\u0142uga prawna podmiot\u00f3w medycznych (w szczeg\u00f3lno\u015bci zak\u0142ad\u00f3w piel\u0119gnacyjno-opieku\u0144czych, hospicj\u00f3w, POZ, indywidualnych praktyk lekarskich i piel\u0119gniarskich), jak r\u00f3wnie\u017c pomoc prawna w odd\u0142u\u017ceniu os\u00f3b fizycznych oraz przedsi\u0119biorc\u00f3w (upad\u0142o\u015bci konsumenckie, upad\u0142o\u015bci i restrukturyzacja przedsi\u0119biorc\u00f3w).<\/p><p>Kancelaria prowadzi sprawy: windykacji nale\u017cno\u015bci, sprawy s\u0105dowe w przedmiocie orzeczenia rozwodu\/separacji, podzia\u0142u maj\u0105tku, spraw dziecka, spraw os\u00f3b chorych, spraw spadkowych, itp.<\/p><p>Przeprowadzamy przekszta\u0142cenia podmiot\u00f3w gospodarczych, w tym sp\u00f3\u0142ek prawa handlowego (r\u00f3wnie\u017c podmiot\u00f3w medycznych).<\/p><p>Mamy do\u015bwiadczenie w prowadzeniu post\u0119powa\u0144 rejestrowych sp\u00f3\u0142ek prawa handlowego w KRS, a tak\u017ce os\u00f3b fizycznych w CEIDG.<\/p><p>Je\u015bli potrzebujecie Pa\u0144stwo konsultacji prawnej, reprezentacji w s\u0105dzie, pomocy w sporz\u0105dzeniu pism s\u0105dowych\/pozas\u0105dowych &#8211; zapraszamy do kontaktu.<\/p><p>Cechuje nas indywidualne podej\u015bcie do ka\u017cdej sprawy, zaanga\u017cowanie i do\u015bwiadczenie.<\/p>\t\t\t\t\t\t\t\t<\/div>\n\t\t\t\t<\/div>\n\t\t\t\t\t<\/div>\n\t\t\t\t<\/div>\n\t\t\t\t<\/div>\n\t\t","protected":false},"excerpt":{"rendered":"<p>Poznaj nasz\u0105 kancelari\u0119 Kancelaria Radcy Prawnego Moniki Morawiec-Mrozi\u0144skiej zajmuje si\u0119 \u015bwiadczeniem us\u0142ug prawnych dla przedsi\u0119biorc\u00f3w oraz dla klient\u00f3w indywidualnych. Specjalizacja Kancelarii to obs\u0142uga prawna podmiot\u00f3w medycznych (w szczeg\u00f3lno\u015bci zak\u0142ad\u00f3w piel\u0119gnacyjno-opieku\u0144czych, hospicj\u00f3w, POZ, indywidualnych praktyk lekarskich i piel\u0119gniarskich), jak r\u00f3wnie\u017c pomoc prawna w odd\u0142u\u017ceniu os\u00f3b fizycznych oraz przedsi\u0119biorc\u00f3w (upad\u0142o\u015bci konsumenckie, upad\u0142o\u015bci i restrukturyzacja przedsi\u0119biorc\u00f3w). Kancelaria prowadzi [&hellip;]<\/p>\n","protected":false},"author":1,"featured_media":0,"parent":0,"menu_order":0,"comment_status":"closed","ping_status":"closed","template":"","meta":{"footnotes":""},"class_list":["post-5400","page","type-page","status-publish","hentry"],"yoast_head":"<!-- This site is optimized with the Yoast SEO plugin v25.7 - https:\/\/yoast.com\/wordpress\/plugins\/seo\/ -->\n<title>Info - Kancelaria Radcy Prawnego Monika Morawiec-Mrozi\u0144ska<\/title>\n<meta name=\"description\" content=\"Kancelaria prawna w Zawierciu oferuj\u0105ca profesjonalne us\u0142ugi prawne dla klient\u00f3w indywidualnych i firm. Oferujemy kompleksow\u0105 pomoc prawn\u0105.\" \/>\n<meta name=\"robots\" content=\"index, follow, max-snippet:-1, max-image-preview:large, max-video-preview:-1\" \/>\n<link rel=\"canonical\" href=\"https:\/\/www.radca-morawiecmrozinska.pl\/index.php\/informacje\/\" \/>\n<meta property=\"og:locale\" content=\"pl_PL\" \/>\n<meta property=\"og:type\" content=\"article\" \/>\n<meta property=\"og:title\" content=\"Info - Kancelaria Radcy Prawnego Monika Morawiec-Mrozi\u0144ska\" \/>\n<meta property=\"og:description\" content=\"Kancelaria prawna w Zawierciu oferuj\u0105ca profesjonalne us\u0142ugi prawne dla klient\u00f3w indywidualnych i firm. Oferujemy kompleksow\u0105 pomoc prawn\u0105.\" \/>\n<meta property=\"og:url\" content=\"https:\/\/www.radca-morawiecmrozinska.pl\/index.php\/informacje\/\" \/>\n<meta property=\"og:site_name\" content=\"Kancelaria Radcy Prawnego Monika Morawiec-Mrozi\u0144ska\" \/>\n<meta property=\"article:modified_time\" content=\"2024-05-17T20:32:37+00:00\" \/>\n<meta name=\"twitter:card\" content=\"summary_large_image\" \/>\n<meta name=\"twitter:label1\" content=\"Szacowany czas czytania\" \/>\n\t<meta name=\"twitter:data1\" content=\"1 minuta\" \/>\n<script type=\"application\/ld+json\" class=\"yoast-schema-graph\">{\"@context\":\"https:\/\/schema.org\",\"@graph\":[{\"@type\":\"WebPage\",\"@id\":\"https:\/\/www.radca-morawiecmrozinska.pl\/index.php\/informacje\/\",\"url\":\"https:\/\/www.radca-morawiecmrozinska.pl\/index.php\/informacje\/\",\"name\":\"Info - Kancelaria Radcy Prawnego Monika Morawiec-Mrozi\u0144ska\",\"isPartOf\":{\"@id\":\"https:\/\/www.radca-morawiecmrozinska.pl\/#website\"},\"datePublished\":\"2024-03-04T18:31:20+00:00\",\"dateModified\":\"2024-05-17T20:32:37+00:00\",\"description\":\"Kancelaria prawna w Zawierciu oferuj\u0105ca profesjonalne us\u0142ugi prawne dla klient\u00f3w indywidualnych i firm. Oferujemy kompleksow\u0105 pomoc prawn\u0105.\",\"breadcrumb\":{\"@id\":\"https:\/\/www.radca-morawiecmrozinska.pl\/index.php\/informacje\/#breadcrumb\"},\"inLanguage\":\"pl-PL\",\"potentialAction\":[{\"@type\":\"ReadAction\",\"target\":[\"https:\/\/www.radca-morawiecmrozinska.pl\/index.php\/informacje\/\"]}]},{\"@type\":\"BreadcrumbList\",\"@id\":\"https:\/\/www.radca-morawiecmrozinska.pl\/index.php\/informacje\/#breadcrumb\",\"itemListElement\":[{\"@type\":\"ListItem\",\"position\":1,\"name\":\"Strona g\u0142\u00f3wna\",\"item\":\"https:\/\/www.radca-morawiecmrozinska.pl\/\"},{\"@type\":\"ListItem\",\"position\":2,\"name\":\"Info\"}]},{\"@type\":\"WebSite\",\"@id\":\"https:\/\/www.radca-morawiecmrozinska.pl\/#website\",\"url\":\"https:\/\/www.radca-morawiecmrozinska.pl\/\",\"name\":\"Kancelaria Radcy Prawnego Monika Morawiec-Mrozi\u0144ska\",\"description\":\"Sprawiedliwo\u015b\u0107, profesjonalizm, zaufanie\",\"potentialAction\":[{\"@type\":\"SearchAction\",\"target\":{\"@type\":\"EntryPoint\",\"urlTemplate\":\"https:\/\/www.radca-morawiecmrozinska.pl\/?s={search_term_string}\"},\"query-input\":{\"@type\":\"PropertyValueSpecification\",\"valueRequired\":true,\"valueName\":\"search_term_string\"}}],\"inLanguage\":\"pl-PL\"}]}<\/script>\n<!-- \/ Yoast SEO plugin. -->","yoast_head_json":{"title":"Info - Kancelaria Radcy Prawnego Monika Morawiec-Mrozi\u0144ska","description":"Kancelaria prawna w Zawierciu oferuj\u0105ca profesjonalne us\u0142ugi prawne dla klient\u00f3w indywidualnych i firm. Oferujemy kompleksow\u0105 pomoc prawn\u0105.","robots":{"index":"index","follow":"follow","max-snippet":"max-snippet:-1","max-image-preview":"max-image-preview:large","max-video-preview":"max-video-preview:-1"},"canonical":"https:\/\/www.radca-morawiecmrozinska.pl\/index.php\/informacje\/","og_locale":"pl_PL","og_type":"article","og_title":"Info - Kancelaria Radcy Prawnego Monika Morawiec-Mrozi\u0144ska","og_description":"Kancelaria prawna w Zawierciu oferuj\u0105ca profesjonalne us\u0142ugi prawne dla klient\u00f3w indywidualnych i firm. Oferujemy kompleksow\u0105 pomoc prawn\u0105.","og_url":"https:\/\/www.radca-morawiecmrozinska.pl\/index.php\/informacje\/","og_site_name":"Kancelaria Radcy Prawnego Monika Morawiec-Mrozi\u0144ska","article_modified_time":"2024-05-17T20:32:37+00:00","twitter_card":"summary_large_image","twitter_misc":{"Szacowany czas czytania":"1 minuta"},"schema":{"@context":"https:\/\/schema.org","@graph":[{"@type":"WebPage","@id":"https:\/\/www.radca-morawiecmrozinska.pl\/index.php\/informacje\/","url":"https:\/\/www.radca-morawiecmrozinska.pl\/index.php\/informacje\/","name":"Info - Kancelaria Radcy Prawnego Monika Morawiec-Mrozi\u0144ska","isPartOf":{"@id":"https:\/\/www.radca-morawiecmrozinska.pl\/#website"},"datePublished":"2024-03-04T18:31:20+00:00","dateModified":"2024-05-17T20:32:37+00:00","description":"Kancelaria prawna w Zawierciu oferuj\u0105ca profesjonalne us\u0142ugi prawne dla klient\u00f3w indywidualnych i firm. Oferujemy kompleksow\u0105 pomoc prawn\u0105.","breadcrumb":{"@id":"https:\/\/www.radca-morawiecmrozinska.pl\/index.php\/informacje\/#breadcrumb"},"inLanguage":"pl-PL","potentialAction":[{"@type":"ReadAction","target":["https:\/\/www.radca-morawiecmrozinska.pl\/index.php\/informacje\/"]}]},{"@type":"BreadcrumbList","@id":"https:\/\/www.radca-morawiecmrozinska.pl\/index.php\/informacje\/#breadcrumb","itemListElement":[{"@type":"ListItem","position":1,"name":"Strona g\u0142\u00f3wna","item":"https:\/\/www.radca-morawiecmrozinska.pl\/"},{"@type":"ListItem","position":2,"name":"Info"}]},{"@type":"WebSite","@id":"https:\/\/www.radca-morawiecmrozinska.pl\/#website","url":"https:\/\/www.radca-morawiecmrozinska.pl\/","name":"Kancelaria Radcy Prawnego Monika Morawiec-Mrozi\u0144ska","description":"Sprawiedliwo\u015b\u0107, profesjonalizm, zaufanie","potentialAction":[{"@type":"SearchAction","target":{"@type":"EntryPoint","urlTemplate":"https:\/\/www.radca-morawiecmrozinska.pl\/?s={search_term_string}"},"query-input":{"@type":"PropertyValueSpecification","valueRequired":true,"valueName":"search_term_string"}}],"inLanguage":"pl-PL"}]}},"_links":{"self":[{"href":"https:\/\/www.radca-morawiecmrozinska.pl\/index.php\/wp-json\/wp\/v2\/pages\/5400","targetHints":{"allow":["GET"]}}],"collection":[{"href":"https:\/\/www.radca-morawiecmrozinska.pl\/index.php\/wp-json\/wp\/v2\/pages"}],"about":[{"href":"https:\/\/www.radca-morawiecmrozinska.pl\/index.php\/wp-json\/wp\/v2\/types\/page"}],"author":[{"embeddable":true,"href":"https:\/\/www.radca-morawiecmrozinska.pl\/index.php\/wp-json\/wp\/v2\/users\/1"}],"replies":[{"embeddable":true,"href":"https:\/\/www.radca-morawiecmrozinska.pl\/index.php\/wp-json\/wp\/v2\/comments?post=5400"}],"version-history":[{"count":38,"href":"https:\/\/www.radca-morawiecmrozinska.pl\/index.php\/wp-json\/wp\/v2\/pages\/5400\/revisions"}],"predecessor-version":[{"id":5773,"href":"https:\/\/www.radca-morawiecmrozinska.pl\/index.php\/wp-json\/wp\/v2\/pages\/5400\/revisions\/5773"}],"wp:attachment":[{"href":"https:\/\/www.radca-morawiecmrozinska.pl\/index.php\/wp-json\/wp\/v2\/media?parent=5400"}],"curies":[{"name":"wp","href":"https:\/\/api.w.org\/{rel}","templated":true}]}}