{"id":2496,"date":"2020-03-09T09:33:15","date_gmt":"2020-03-09T09:33:15","guid":{"rendered":"http:\/\/wpdemo.archiwp.com\/engitech\/?page_id=2496"},"modified":"2024-05-17T20:42:07","modified_gmt":"2024-05-17T20:42:07","slug":"strona-glowna","status":"publish","type":"page","link":"https:\/\/www.radca-morawiecmrozinska.pl\/","title":{"rendered":"Strona G\u0142\u00f3wna"},"content":{"rendered":"\t\t<div data-elementor-type=\"wp-page\" data-elementor-id=\"2496\" class=\"elementor elementor-2496\">\n\t\t\t\t<div class=\"elementor-element elementor-element-1a3f397 e-flex e-con-boxed e-con e-parent\" data-id=\"1a3f397\" data-element_type=\"container\" data-settings=\"{&quot;background_background&quot;:&quot;classic&quot;}\">\n\t\t\t\t\t<div class=\"e-con-inner\">\n\t\t\t\t<div class=\"elementor-element elementor-element-0674c3b elementor-widget elementor-widget-iheading\" data-id=\"0674c3b\" data-element_type=\"widget\" data-widget_type=\"iheading.default\">\n\t\t\t\t<div class=\"elementor-widget-container\">\n\t\t\t\t\t\t\t<div class=\"ot-heading\">\r\n\t        <h2 class=\"main-heading\">Kancelaria Radcy Prawnego<br\/> Monika Morawiec-Mrozi\u0144ska<\/h2>\t    <\/div>\r\n\t    \t\t\t\t<\/div>\n\t\t\t\t<\/div>\n\t\t\t\t<div class=\"elementor-element elementor-element-c8ec481 elementor-widget elementor-widget-iheading\" data-id=\"c8ec481\" data-element_type=\"widget\" data-widget_type=\"iheading.default\">\n\t\t\t\t<div class=\"elementor-widget-container\">\n\t\t\t\t\t\t\t<div class=\"ot-heading\">\r\n\t        <h2 class=\"main-heading\">Sprawiedliwo\u015b\u0107. Profesjonalizm. Zaufanie.<\/h2>\t    <\/div>\r\n\t    \t\t\t\t<\/div>\n\t\t\t\t<\/div>\n\t\t\t\t\t<\/div>\n\t\t\t\t<\/div>\n\t\t<div class=\"elementor-element elementor-element-23fddec e-flex e-con-boxed e-con e-parent\" data-id=\"23fddec\" data-element_type=\"container\" data-settings=\"{&quot;background_background&quot;:&quot;classic&quot;}\">\n\t\t\t\t\t<div class=\"e-con-inner\">\n\t\t<div class=\"elementor-element elementor-element-bf32261 e-con-full e-flex e-con e-child\" data-id=\"bf32261\" data-element_type=\"container\">\n\t\t\t\t<div class=\"elementor-element elementor-element-61e20ff elementor-widget elementor-widget-iheading\" data-id=\"61e20ff\" data-element_type=\"widget\" data-widget_type=\"iheading.default\">\n\t\t\t\t<div class=\"elementor-widget-container\">\n\t\t\t\t\t\t\t<div class=\"ot-heading\">\r\n\t        <h2 class=\"main-heading\">Nasze us\u0142ugi<\/h2>\t    <\/div>\r\n\t    \t\t\t\t<\/div>\n\t\t\t\t<\/div>\n\t\t\t\t<\/div>\n\t\t<div class=\"elementor-element elementor-element-8601a9b e-con-full e-flex e-con e-child\" data-id=\"8601a9b\" data-element_type=\"container\">\n\t\t<div class=\"elementor-element elementor-element-cfc9031 e-con-full e-flex e-con e-child\" data-id=\"cfc9031\" data-element_type=\"container\" data-settings=\"{&quot;background_background&quot;:&quot;classic&quot;}\">\n\t\t\t\t<div class=\"elementor-element elementor-element-f7370d7 elementor-widget elementor-widget-iserv_box\" data-id=\"f7370d7\" data-element_type=\"widget\" data-widget_type=\"iserv_box.default\">\n\t\t\t\t<div class=\"elementor-widget-container\">\n\t\t\t\t\t\r\n\t\t<div class=\"serv-box s1 elementor-animation-\">\r\n\t\t\t\t\t\t<div class=\"icon-main\">\r\n\t\t        \t\t\t    <img decoding=\"async\" src=\"https:\/\/www.radca-morawiecmrozinska.pl\/wp-content\/uploads\/2024\/03\/ikona-uf.svg\" alt=\"Us\u0142ugi dla firm\">\t\t        \t        <\/div>\r\n\t        <div class=\"content-box\">\r\n\t            <h5>Us\u0142ugi dla firm<\/h5>\r\n\t            <div>1 godz.<br\/>\nCena do ustalenia<\/div>\t        <\/div>\r\n\t    <\/div>\r\n\r\n\t    \t\t\t\t<\/div>\n\t\t\t\t<\/div>\n\t\t\t\t<\/div>\n\t\t<div class=\"elementor-element elementor-element-201b9e3 e-con-full e-flex e-con e-child\" data-id=\"201b9e3\" data-element_type=\"container\">\n\t\t\t\t<div class=\"elementor-element elementor-element-9fc6309 elementor-widget elementor-widget-iserv_box\" data-id=\"9fc6309\" data-element_type=\"widget\" data-widget_type=\"iserv_box.default\">\n\t\t\t\t<div class=\"elementor-widget-container\">\n\t\t\t\t\t\r\n\t\t<div class=\"serv-box s1 elementor-animation-\">\r\n\t\t\t\t\t\t<div class=\"icon-main\">\r\n\t\t        \t\t\t    \t\t        <span class=\"flaticon-report\"><\/span>\t        <\/div>\r\n\t        <div class=\"content-box\">\r\n\t            <h5>Odd\u0142u\u017canie \/ Upad\u0142o\u015bci<\/h5>\r\n\t            <div>1 godz.<br\/>\nCena do ustalenia<\/div>\t        <\/div>\r\n\t    <\/div>\r\n\r\n\t    \t\t\t\t<\/div>\n\t\t\t\t<\/div>\n\t\t\t\t<\/div>\n\t\t<div class=\"elementor-element elementor-element-0de4a96 e-con-full e-flex e-con e-child\" data-id=\"0de4a96\" data-element_type=\"container\">\n\t\t\t\t<div class=\"elementor-element elementor-element-a60eec6 elementor-widget elementor-widget-iserv_box\" data-id=\"a60eec6\" data-element_type=\"widget\" data-widget_type=\"iserv_box.default\">\n\t\t\t\t<div class=\"elementor-widget-container\">\n\t\t\t\t\t\r\n\t\t<div class=\"serv-box s1 elementor-animation-\">\r\n\t\t\t\t\t\t<div class=\"icon-main\">\r\n\t\t        \t\t\t    <img decoding=\"async\" src=\"https:\/\/www.radca-morawiecmrozinska.pl\/wp-content\/uploads\/2024\/03\/ikona-opm.svg\" alt=\"Obs\u0142uga podmiot\u00f3w medycznych\">\t\t        \t        <\/div>\r\n\t        <div class=\"content-box\">\r\n\t            <h5>Obs\u0142uga podmiot\u00f3w medycznych<\/h5>\r\n\t            <div>1 godz.<br\/>\nCena do ustalenia<\/div>\t        <\/div>\r\n\t    <\/div>\r\n\r\n\t    \t\t\t\t<\/div>\n\t\t\t\t<\/div>\n\t\t\t\t<\/div>\n\t\t\t\t<\/div>\n\t\t<div class=\"elementor-element elementor-element-dbcf7d0 e-con-full e-flex e-con e-child\" data-id=\"dbcf7d0\" data-element_type=\"container\">\n\t\t<div class=\"elementor-element elementor-element-b56c531 e-con-full e-flex e-con e-child\" data-id=\"b56c531\" data-element_type=\"container\">\n\t\t\t\t<div class=\"elementor-element elementor-element-1b8b80e elementor-widget elementor-widget-iserv_box\" data-id=\"1b8b80e\" data-element_type=\"widget\" data-widget_type=\"iserv_box.default\">\n\t\t\t\t<div class=\"elementor-widget-container\">\n\t\t\t\t\t\r\n\t\t<div class=\"serv-box s1 elementor-animation-\">\r\n\t\t\t\t\t\t<div class=\"icon-main\">\r\n\t\t        \t\t\t    <img decoding=\"async\" src=\"https:\/\/www.radca-morawiecmrozinska.pl\/wp-content\/uploads\/2024\/03\/ikona-wna.svg\" alt=\"Windykacja nale\u017cno\u015bci\">\t\t        \t        <\/div>\r\n\t        <div class=\"content-box\">\r\n\t            <h5>Windykacja nale\u017cno\u015bci<\/h5>\r\n\t            <div>1 godz.<br\/>\nCena do ustalenia<\/div>\t        <\/div>\r\n\t    <\/div>\r\n\r\n\t    \t\t\t\t<\/div>\n\t\t\t\t<\/div>\n\t\t\t\t<\/div>\n\t\t<div class=\"elementor-element elementor-element-88f7224 e-con-full e-flex e-con e-child\" data-id=\"88f7224\" data-element_type=\"container\">\n\t\t\t\t<div class=\"elementor-element elementor-element-ca217eb elementor-widget elementor-widget-iserv_box\" data-id=\"ca217eb\" data-element_type=\"widget\" data-widget_type=\"iserv_box.default\">\n\t\t\t\t<div class=\"elementor-widget-container\">\n\t\t\t\t\t\r\n\t\t<div class=\"serv-box s1 elementor-animation-\">\r\n\t\t\t\t\t\t<div class=\"icon-main\">\r\n\t\t        \t\t\t    <img decoding=\"async\" src=\"https:\/\/www.radca-morawiecmrozinska.pl\/wp-content\/uploads\/2024\/03\/ikona-anpr.svg\" alt=\"Analiza prawna\">\t\t        \t        <\/div>\r\n\t        <div class=\"content-box\">\r\n\t            <h5>Analiza prawna<\/h5>\r\n\t            <div>1 godz.<br\/>\nCena do ustalenia<\/div>\t        <\/div>\r\n\t    <\/div>\r\n\r\n\t    \t\t\t\t<\/div>\n\t\t\t\t<\/div>\n\t\t\t\t<\/div>\n\t\t<div class=\"elementor-element elementor-element-3ef508f e-con-full e-flex e-con e-child\" data-id=\"3ef508f\" data-element_type=\"container\">\n\t\t\t\t<div class=\"elementor-element elementor-element-efd5063 elementor-widget elementor-widget-iserv_box\" data-id=\"efd5063\" data-element_type=\"widget\" data-widget_type=\"iserv_box.default\">\n\t\t\t\t<div class=\"elementor-widget-container\">\n\t\t\t\t\t\r\n\t\t<div class=\"serv-box s1 elementor-animation-\">\r\n\t\t\t\t\t\t<div class=\"icon-main\">\r\n\t\t        \t\t\t    <img decoding=\"async\" src=\"https:\/\/www.radca-morawiecmrozinska.pl\/wp-content\/uploads\/2024\/03\/ikona-kopr.svg\" alt=\"Konsultacje prawne\">\t\t        \t        <\/div>\r\n\t        <div class=\"content-box\">\r\n\t            <h5>Konsultacje prawne<\/h5>\r\n\t            <div>1 godz.<br\/>\nCena do ustalenia<\/div>\t        <\/div>\r\n\t    <\/div>\r\n\r\n\t    \t\t\t\t<\/div>\n\t\t\t\t<\/div>\n\t\t\t\t<\/div>\n\t\t\t\t<\/div>\n\t\t<div class=\"elementor-element elementor-element-8df70fe e-con-full e-flex e-con e-child\" data-id=\"8df70fe\" data-element_type=\"container\">\n\t\t<div class=\"elementor-element elementor-element-a14a477 e-con-full e-flex e-con e-child\" data-id=\"a14a477\" data-element_type=\"container\">\n\t\t\t\t<div class=\"elementor-element elementor-element-79e09ca elementor-widget elementor-widget-iserv_box\" data-id=\"79e09ca\" data-element_type=\"widget\" data-widget_type=\"iserv_box.default\">\n\t\t\t\t<div class=\"elementor-widget-container\">\n\t\t\t\t\t\r\n\t\t<div class=\"serv-box s1 elementor-animation-\">\r\n\t\t\t\t\t\t<div class=\"icon-main\">\r\n\t\t        \t\t\t    <img decoding=\"async\" src=\"https:\/\/www.radca-morawiecmrozinska.pl\/wp-content\/uploads\/2024\/03\/ikona-ap.svg\" alt=\"Szybkie konsultacje\">\t\t        \t        <\/div>\r\n\t        <div class=\"content-box\">\r\n\t            <h5>Szybkie konsultacje<\/h5>\r\n\t            <div>1 godz.<br\/>\nCena do ustalenia<\/div>\t        <\/div>\r\n\t    <\/div>\r\n\r\n\t    \t\t\t\t<\/div>\n\t\t\t\t<\/div>\n\t\t\t\t<\/div>\n\t\t<div class=\"elementor-element elementor-element-8151a6b e-con-full e-flex e-con e-child\" data-id=\"8151a6b\" data-element_type=\"container\">\n\t\t\t\t<div class=\"elementor-element elementor-element-22fd79b elementor-widget elementor-widget-iserv_box\" data-id=\"22fd79b\" data-element_type=\"widget\" data-widget_type=\"iserv_box.default\">\n\t\t\t\t<div class=\"elementor-widget-container\">\n\t\t\t\t\t\r\n\t\t<div class=\"serv-box s1 elementor-animation-\">\r\n\t\t\t\t\t\t<div class=\"icon-main\">\r\n\t\t        \t\t\t    <img decoding=\"async\" src=\"https:\/\/www.radca-morawiecmrozinska.pl\/wp-content\/uploads\/2024\/03\/ikona-prpr.svg\" alt=\"Przekszta\u0142cenia przedsi\u0119biorstw\">\t\t        \t        <\/div>\r\n\t        <div class=\"content-box\">\r\n\t            <h5>Przekszta\u0142cenia przedsi\u0119biorstw<\/h5>\r\n\t            <div>1 godz.<br\/>\nCena do ustalenia<\/div>\t        <\/div>\r\n\t    <\/div>\r\n\r\n\t    \t\t\t\t<\/div>\n\t\t\t\t<\/div>\n\t\t\t\t<\/div>\n\t\t\t\t<\/div>\n\t\t\t\t\t<\/div>\n\t\t\t\t<\/div>\n\t\t\t\t<\/div>\n\t\t","protected":false},"excerpt":{"rendered":"<p>Kancelaria Radcy Prawnego Monika Morawiec-Mrozi\u0144ska Sprawiedliwo\u015b\u0107. Profesjonalizm. Zaufanie. Nasze us\u0142ugi Us\u0142ugi dla firm 1 godz. Cena do ustalenia Odd\u0142u\u017canie \/ Upad\u0142o\u015bci 1 godz. Cena do ustalenia Obs\u0142uga podmiot\u00f3w medycznych 1 godz. Cena do ustalenia Windykacja nale\u017cno\u015bci 1 godz. Cena do ustalenia Analiza prawna 1 godz. Cena do ustalenia Konsultacje prawne 1 godz. Cena do ustalenia [&hellip;]<\/p>\n","protected":false},"author":1,"featured_media":0,"parent":0,"menu_order":0,"comment_status":"closed","ping_status":"closed","template":"","meta":{"footnotes":""},"class_list":["post-2496","page","type-page","status-publish","hentry"],"yoast_head":"<!-- This site is optimized with the Yoast SEO plugin v25.7 - https:\/\/yoast.com\/wordpress\/plugins\/seo\/ -->\n<title>Kancelaria Radcy Prawnego Monika Morawiec-Mrozi\u0144ska<\/title>\n<meta name=\"description\" content=\"Kancelaria Radcy Prawnego Monika Morawiec Mrozi\u0144ska skuteczne wsparcie prawne od do\u015bwiadczonego radcy dla mieszka\u0144c\u00f3w Zawiercia i okolic\" \/>\n<meta name=\"robots\" content=\"index, follow, max-snippet:-1, max-image-preview:large, max-video-preview:-1\" \/>\n<link rel=\"canonical\" href=\"https:\/\/www.radca-morawiecmrozinska.pl\/\" \/>\n<meta property=\"og:locale\" content=\"pl_PL\" \/>\n<meta property=\"og:type\" content=\"article\" \/>\n<meta property=\"og:title\" content=\"Kancelaria Radcy Prawnego Monika Morawiec-Mrozi\u0144ska\" \/>\n<meta property=\"og:description\" content=\"Kancelaria Radcy Prawnego Monika Morawiec Mrozi\u0144ska skuteczne wsparcie prawne od do\u015bwiadczonego radcy dla mieszka\u0144c\u00f3w Zawiercia i okolic\" \/>\n<meta property=\"og:url\" content=\"https:\/\/www.radca-morawiecmrozinska.pl\/\" \/>\n<meta property=\"og:site_name\" content=\"Kancelaria Radcy Prawnego Monika Morawiec-Mrozi\u0144ska\" \/>\n<meta property=\"article:modified_time\" content=\"2024-05-17T20:42:07+00:00\" \/>\n<meta property=\"og:image\" content=\"https:\/\/www.radca-morawiecmrozinska.pl\/wp-content\/uploads\/2024\/03\/ikona-uf.svg\" \/>\n<meta name=\"twitter:card\" content=\"summary_large_image\" \/>\n<meta name=\"twitter:label1\" content=\"Szacowany czas czytania\" \/>\n\t<meta name=\"twitter:data1\" content=\"2 minuty\" \/>\n<script type=\"application\/ld+json\" class=\"yoast-schema-graph\">{\"@context\":\"https:\/\/schema.org\",\"@graph\":[{\"@type\":\"WebPage\",\"@id\":\"https:\/\/www.radca-morawiecmrozinska.pl\/\",\"url\":\"https:\/\/www.radca-morawiecmrozinska.pl\/\",\"name\":\"Kancelaria Radcy Prawnego Monika Morawiec-Mrozi\u0144ska\",\"isPartOf\":{\"@id\":\"https:\/\/www.radca-morawiecmrozinska.pl\/#website\"},\"primaryImageOfPage\":{\"@id\":\"https:\/\/www.radca-morawiecmrozinska.pl\/#primaryimage\"},\"image\":{\"@id\":\"https:\/\/www.radca-morawiecmrozinska.pl\/#primaryimage\"},\"thumbnailUrl\":\"https:\/\/www.radca-morawiecmrozinska.pl\/wp-content\/uploads\/2024\/03\/ikona-uf.svg\",\"datePublished\":\"2020-03-09T09:33:15+00:00\",\"dateModified\":\"2024-05-17T20:42:07+00:00\",\"description\":\"Kancelaria Radcy Prawnego Monika Morawiec Mrozi\u0144ska skuteczne wsparcie prawne od do\u015bwiadczonego radcy dla mieszka\u0144c\u00f3w Zawiercia i okolic\",\"breadcrumb\":{\"@id\":\"https:\/\/www.radca-morawiecmrozinska.pl\/#breadcrumb\"},\"inLanguage\":\"pl-PL\",\"potentialAction\":[{\"@type\":\"ReadAction\",\"target\":[\"https:\/\/www.radca-morawiecmrozinska.pl\/\"]}]},{\"@type\":\"ImageObject\",\"inLanguage\":\"pl-PL\",\"@id\":\"https:\/\/www.radca-morawiecmrozinska.pl\/#primaryimage\",\"url\":\"https:\/\/www.radca-morawiecmrozinska.pl\/wp-content\/uploads\/2024\/03\/ikona-uf.svg\",\"contentUrl\":\"https:\/\/www.radca-morawiecmrozinska.pl\/wp-content\/uploads\/2024\/03\/ikona-uf.svg\",\"width\":93,\"height\":104},{\"@type\":\"BreadcrumbList\",\"@id\":\"https:\/\/www.radca-morawiecmrozinska.pl\/#breadcrumb\",\"itemListElement\":[{\"@type\":\"ListItem\",\"position\":1,\"name\":\"Strona g\u0142\u00f3wna\",\"item\":\"https:\/\/www.radca-morawiecmrozinska.pl\/\"},{\"@type\":\"ListItem\",\"position\":2,\"name\":\"Strona G\u0142\u00f3wna\"}]},{\"@type\":\"WebSite\",\"@id\":\"https:\/\/www.radca-morawiecmrozinska.pl\/#website\",\"url\":\"https:\/\/www.radca-morawiecmrozinska.pl\/\",\"name\":\"Kancelaria Radcy Prawnego Monika Morawiec-Mrozi\u0144ska\",\"description\":\"Sprawiedliwo\u015b\u0107, profesjonalizm, zaufanie\",\"potentialAction\":[{\"@type\":\"SearchAction\",\"target\":{\"@type\":\"EntryPoint\",\"urlTemplate\":\"https:\/\/www.radca-morawiecmrozinska.pl\/?s={search_term_string}\"},\"query-input\":{\"@type\":\"PropertyValueSpecification\",\"valueRequired\":true,\"valueName\":\"search_term_string\"}}],\"inLanguage\":\"pl-PL\"}]}<\/script>\n<!-- \/ Yoast SEO plugin. -->","yoast_head_json":{"title":"Kancelaria Radcy Prawnego Monika Morawiec-Mrozi\u0144ska","description":"Kancelaria Radcy Prawnego Monika Morawiec Mrozi\u0144ska skuteczne wsparcie prawne od do\u015bwiadczonego radcy dla mieszka\u0144c\u00f3w Zawiercia i okolic","robots":{"index":"index","follow":"follow","max-snippet":"max-snippet:-1","max-image-preview":"max-image-preview:large","max-video-preview":"max-video-preview:-1"},"canonical":"https:\/\/www.radca-morawiecmrozinska.pl\/","og_locale":"pl_PL","og_type":"article","og_title":"Kancelaria Radcy Prawnego Monika Morawiec-Mrozi\u0144ska","og_description":"Kancelaria Radcy Prawnego Monika Morawiec Mrozi\u0144ska skuteczne wsparcie prawne od do\u015bwiadczonego radcy dla mieszka\u0144c\u00f3w Zawiercia i okolic","og_url":"https:\/\/www.radca-morawiecmrozinska.pl\/","og_site_name":"Kancelaria Radcy Prawnego Monika Morawiec-Mrozi\u0144ska","article_modified_time":"2024-05-17T20:42:07+00:00","og_image":[{"url":"https:\/\/www.radca-morawiecmrozinska.pl\/wp-content\/uploads\/2024\/03\/ikona-uf.svg","type":"","width":"","height":""}],"twitter_card":"summary_large_image","twitter_misc":{"Szacowany czas czytania":"2 minuty"},"schema":{"@context":"https:\/\/schema.org","@graph":[{"@type":"WebPage","@id":"https:\/\/www.radca-morawiecmrozinska.pl\/","url":"https:\/\/www.radca-morawiecmrozinska.pl\/","name":"Kancelaria Radcy Prawnego Monika Morawiec-Mrozi\u0144ska","isPartOf":{"@id":"https:\/\/www.radca-morawiecmrozinska.pl\/#website"},"primaryImageOfPage":{"@id":"https:\/\/www.radca-morawiecmrozinska.pl\/#primaryimage"},"image":{"@id":"https:\/\/www.radca-morawiecmrozinska.pl\/#primaryimage"},"thumbnailUrl":"https:\/\/www.radca-morawiecmrozinska.pl\/wp-content\/uploads\/2024\/03\/ikona-uf.svg","datePublished":"2020-03-09T09:33:15+00:00","dateModified":"2024-05-17T20:42:07+00:00","description":"Kancelaria Radcy Prawnego Monika Morawiec Mrozi\u0144ska skuteczne wsparcie prawne od do\u015bwiadczonego radcy dla mieszka\u0144c\u00f3w Zawiercia i okolic","breadcrumb":{"@id":"https:\/\/www.radca-morawiecmrozinska.pl\/#breadcrumb"},"inLanguage":"pl-PL","potentialAction":[{"@type":"ReadAction","target":["https:\/\/www.radca-morawiecmrozinska.pl\/"]}]},{"@type":"ImageObject","inLanguage":"pl-PL","@id":"https:\/\/www.radca-morawiecmrozinska.pl\/#primaryimage","url":"https:\/\/www.radca-morawiecmrozinska.pl\/wp-content\/uploads\/2024\/03\/ikona-uf.svg","contentUrl":"https:\/\/www.radca-morawiecmrozinska.pl\/wp-content\/uploads\/2024\/03\/ikona-uf.svg","width":93,"height":104},{"@type":"BreadcrumbList","@id":"https:\/\/www.radca-morawiecmrozinska.pl\/#breadcrumb","itemListElement":[{"@type":"ListItem","position":1,"name":"Strona g\u0142\u00f3wna","item":"https:\/\/www.radca-morawiecmrozinska.pl\/"},{"@type":"ListItem","position":2,"name":"Strona G\u0142\u00f3wna"}]},{"@type":"WebSite","@id":"https:\/\/www.radca-morawiecmrozinska.pl\/#website","url":"https:\/\/www.radca-morawiecmrozinska.pl\/","name":"Kancelaria Radcy Prawnego Monika Morawiec-Mrozi\u0144ska","description":"Sprawiedliwo\u015b\u0107, profesjonalizm, zaufanie","potentialAction":[{"@type":"SearchAction","target":{"@type":"EntryPoint","urlTemplate":"https:\/\/www.radca-morawiecmrozinska.pl\/?s={search_term_string}"},"query-input":{"@type":"PropertyValueSpecification","valueRequired":true,"valueName":"search_term_string"}}],"inLanguage":"pl-PL"}]}},"_links":{"self":[{"href":"https:\/\/www.radca-morawiecmrozinska.pl\/index.php\/wp-json\/wp\/v2\/pages\/2496","targetHints":{"allow":["GET"]}}],"collection":[{"href":"https:\/\/www.radca-morawiecmrozinska.pl\/index.php\/wp-json\/wp\/v2\/pages"}],"about":[{"href":"https:\/\/www.radca-morawiecmrozinska.pl\/index.php\/wp-json\/wp\/v2\/types\/page"}],"author":[{"embeddable":true,"href":"https:\/\/www.radca-morawiecmrozinska.pl\/index.php\/wp-json\/wp\/v2\/users\/1"}],"replies":[{"embeddable":true,"href":"https:\/\/www.radca-morawiecmrozinska.pl\/index.php\/wp-json\/wp\/v2\/comments?post=2496"}],"version-history":[{"count":166,"href":"https:\/\/www.radca-morawiecmrozinska.pl\/index.php\/wp-json\/wp\/v2\/pages\/2496\/revisions"}],"predecessor-version":[{"id":5692,"href":"https:\/\/www.radca-morawiecmrozinska.pl\/index.php\/wp-json\/wp\/v2\/pages\/2496\/revisions\/5692"}],"wp:attachment":[{"href":"https:\/\/www.radca-morawiecmrozinska.pl\/index.php\/wp-json\/wp\/v2\/media?parent=2496"}],"curies":[{"name":"wp","href":"https:\/\/api.w.org\/{rel}","templated":true}]}}